{"id":202,"date":"2021-11-05T17:16:53","date_gmt":"2021-11-05T16:16:53","guid":{"rendered":"http:\/\/ferenprovence.com\/?page_id=202"},"modified":"2025-09-02T23:27:11","modified_gmt":"2025-09-02T21:27:11","slug":"cuisine-en-fer","status":"publish","type":"page","link":"https:\/\/ferenprovence.com\/index.php\/cuisine-en-fer\/","title":{"rendered":"Cuisine Moderne en Fer"},"content":{"rendered":"\n<p><\/p>\n\n\n\n<figure class=\"wp-block-pullquote alignwide\"><blockquote><p>Offrez-vous une cuisine unique &amp; sur-mesure<\/p><\/blockquote><\/figure>\n\n\n\n<figure class=\"wp-block-gallery alignfull columns-2 is-cropped\"><ul class=\"blocks-gallery-grid\"><li class=\"blocks-gallery-item\"><figure><img loading=\"lazy\" width=\"1024\" height=\"1024\" src=\"https:\/\/ferenprovence.com\/wp-content\/uploads\/2023\/05\/cuisine-fer-forge\u0301-fer-en-provence-1024x1024.jpg\" alt=\"\" data-id=\"1136\" data-full-url=\"https:\/\/ferenprovence.com\/wp-content\/uploads\/2023\/05\/cuisine-fer-forge\u0301-fer-en-provence.jpg\" data-link=\"https:\/\/ferenprovence.com\/index.php\/cuisine-en-fer\/cuisine-fer-forge-fer-en-provence\/\" class=\"wp-image-1136\" srcset=\"https:\/\/ferenprovence.com\/wp-content\/uploads\/2023\/05\/cuisine-fer-forge\u0301-fer-en-provence-1024x1024.jpg 1024w, https:\/\/ferenprovence.com\/wp-content\/uploads\/2023\/05\/cuisine-fer-forge\u0301-fer-en-provence-300x300.jpg 300w, https:\/\/ferenprovence.com\/wp-content\/uploads\/2023\/05\/cuisine-fer-forge\u0301-fer-en-provence-150x150.jpg 150w, https:\/\/ferenprovence.com\/wp-content\/uploads\/2023\/05\/cuisine-fer-forge\u0301-fer-en-provence-768x768.jpg 768w, https:\/\/ferenprovence.com\/wp-content\/uploads\/2023\/05\/cuisine-fer-forge\u0301-fer-en-provence.jpg 1080w\" sizes=\"(max-width: 1024px) 100vw, 1024px\" \/><\/figure><\/li><li class=\"blocks-gallery-item\"><figure><img loading=\"lazy\" width=\"859\" height=\"1024\" src=\"https:\/\/ferenprovence.com\/wp-content\/uploads\/2024\/06\/cuisine-en-fer-par-fer-en-provence-acier-metal-859x1024.png\" alt=\"\" data-id=\"1702\" data-full-url=\"https:\/\/ferenprovence.com\/wp-content\/uploads\/2024\/06\/cuisine-en-fer-par-fer-en-provence-acier-metal.png\" data-link=\"https:\/\/ferenprovence.com\/index.php\/cuisine-en-fer\/cuisine-en-fer-par-fer-en-provence-acier-metal\/\" class=\"wp-image-1702\" srcset=\"https:\/\/ferenprovence.com\/wp-content\/uploads\/2024\/06\/cuisine-en-fer-par-fer-en-provence-acier-metal-859x1024.png 859w, https:\/\/ferenprovence.com\/wp-content\/uploads\/2024\/06\/cuisine-en-fer-par-fer-en-provence-acier-metal-252x300.png 252w, https:\/\/ferenprovence.com\/wp-content\/uploads\/2024\/06\/cuisine-en-fer-par-fer-en-provence-acier-metal-768x915.png 768w, https:\/\/ferenprovence.com\/wp-content\/uploads\/2024\/06\/cuisine-en-fer-par-fer-en-provence-acier-metal.png 1012w\" sizes=\"(max-width: 859px) 100vw, 859px\" \/><\/figure><\/li><\/ul><\/figure>\n\n\n\n<div class=\"wp-block-columns alignwide\">\n<div class=\"wp-block-column\">\n<h2>Choisissez la couleur de votre cuisine moderne en fer.<\/h2>\n\n\n\n<p><\/p>\n<\/div>\n\n\n\n<div class=\"wp-block-column\">\n<h2>Conception &amp; R\u00e9alisation sur-mesure<\/h2>\n<\/div>\n<\/div>\n\n\n\n<div class=\"wp-block-columns alignwide\">\n<div class=\"wp-block-column\"><\/div>\n\n\n\n<div class=\"wp-block-column\"><\/div>\n\n\n\n<div class=\"wp-block-column\">\n<div class=\"wp-block-image\"><figure class=\"alignright size-large is-resized\"><a href=\"https:\/\/ferenprovence.com\/\"><img loading=\"lazy\" src=\"https:\/\/ferenprovence.com\/wp-content\/uploads\/2021\/11\/fer-en-provence-14-1024x1024.jpg\" alt=\"retour \u00e0 l'accueil\" class=\"wp-image-671\" width=\"218\" height=\"218\" srcset=\"https:\/\/ferenprovence.com\/wp-content\/uploads\/2021\/11\/fer-en-provence-14-1024x1024.jpg 1024w, https:\/\/ferenprovence.com\/wp-content\/uploads\/2021\/11\/fer-en-provence-14-300x300.jpg 300w, https:\/\/ferenprovence.com\/wp-content\/uploads\/2021\/11\/fer-en-provence-14-150x150.jpg 150w, https:\/\/ferenprovence.com\/wp-content\/uploads\/2021\/11\/fer-en-provence-14-768x768.jpg 768w, https:\/\/ferenprovence.com\/wp-content\/uploads\/2021\/11\/fer-en-provence-14.jpg 1080w\" sizes=\"(max-width: 218px) 100vw, 218px\" \/><\/a><\/figure><\/div>\n<\/div>\n<\/div>\n\n\n\n<h4 class=\"alignwide\">Cuisine sur-mesure moderne &amp; intemporelle<\/h4>\n\n\n\n<p class=\"has-text-align-left\">Faites le choix d&rsquo;une <a href=\"https:\/\/www.instagram.com\/p\/CaVOa65t1TE\/\" target=\"_blank\" rel=\"noreferrer noopener sponsored nofollow\">cuisine en fer<\/a> 100% fabriqu\u00e9 en France pour une cuisine en acier unique, fonctionnelle et sur-mesure. Personnalisez votre cuisine au style moderne, \u00e9pur\u00e9, design, industrielle ou campagne chic en fer avec un large choix de couleur gr\u00e2ce \u00e0 la <a href=\"https:\/\/ferenprovence.com\/index.php\/finitions-ferronnerie-provence\/\">finition thermolaqu\u00e9<\/a>, r\u00e9sistante \u00e0 l&rsquo;eau, et facile \u00e0 nettoyer. <\/p>\n\n\n\n<h4>Quel plan de travail pour votre cuisine en fer ?<\/h4>\n\n\n\n<p class=\"has-text-align-left\">Le fer s&rsquo;accorde parfaitement avec un plan de travail en bois type ch\u00eane, du granit, du marbre. <\/p>\n\n\n\n<p><\/p>\n\n\n\n<p class=\"has-text-align-left\">Fer en Provence r\u00e9alise pour vous vos meubles de cuisines en fer, ainsi que votre \u00eelot de cuisine, pratique pour toujours plus de rangement. De plus, nous pouvons adapter la hauteur des plans de travail, pour un maximum de confort en cuisinant.<\/p>\n\n\n\n<p class=\"has-text-align-left\">Nous fabriquons \u00e9galement de nombreux mod\u00e8les de tables et de chaises en fer forg\u00e9, pour votre cuisine, pour votre salle \u00e0 manger, ou encore pour votre terrasse.<\/p>\n\n\n\n<p>Selon votre cuisine existante, et si la disposition de votre cuisine actuelle vous convient, et si la qualit\u00e9 de vos meubles existants le permet (nous recommandons des meubles en bois massif), de remplacer uniquement les portes de vos placards de cuisine, et non les placards en entier, pour un relooking complet rapide !<\/p>\n\n\n\n<h4>Placards en fer forg\u00e9 <\/h4>\n\n\n\n<p>Les placards en fer forg\u00e9 peuvent tout aussi bien \u00eatre utilis\u00e9 dans d&rsquo;autres pi\u00e8ces de la maison que dans la cuisine. Envie d&rsquo;un dressing ? meuble de salle de bain ? d&rsquo;un buffet ? un bar ? Ou encore d&rsquo;une commode ? Fer en Provence r\u00e9alise pour vous <a href=\"https:\/\/ferenprovence.com\/index.php\/mobilier-intemporel-en-fer-forge\/\" target=\"_blank\" rel=\"noreferrer noopener\">le mobilier<\/a> de votre choix.<\/p>\n","protected":false},"excerpt":{"rendered":"<p>Offrez-vous une cuisine unique &amp; sur-mesure Choisissez la couleur de votre cuisine moderne en fer. Conception &amp; R\u00e9alisation sur-mesure Cuisine sur-mesure moderne &amp; intemporelle Faites le choix d&rsquo;une cuisine en fer 100% fabriqu\u00e9 en France pour une cuisine en acier unique, fonctionnelle et sur-mesure. Personnalisez votre cuisine au style moderne, \u00e9pur\u00e9, design, industrielle ou campagne &hellip; <\/p>\n<p class=\"link-more\"><a href=\"https:\/\/ferenprovence.com\/index.php\/cuisine-en-fer\/\" class=\"more-link\">Continuer la lecture <span class=\"screen-reader-text\"> \u00ab\u00a0Cuisine Moderne en Fer\u00a0\u00bb<\/span><\/a><\/p>\n","protected":false},"author":1,"featured_media":0,"parent":0,"menu_order":0,"comment_status":"closed","ping_status":"closed","template":"","meta":[],"yoast_head":"<!-- This site is optimized with the Yoast SEO plugin v19.4 - https:\/\/yoast.com\/wordpress\/plugins\/seo\/ -->\n<title>Cuisine Moderne en Fer - Fer en Provence - Cuisine en Fer<\/title>\n<meta name=\"description\" content=\"Envie d&#039;une cuisine unique ? Fer en Provence vous propose la r\u00e9alisation de cuisine moderne en fer dans un large choix de couleurs !\" \/>\n<meta name=\"robots\" content=\"index, follow, max-snippet:-1, max-image-preview:large, max-video-preview:-1\" \/>\n<link rel=\"canonical\" href=\"https:\/\/ferenprovence.com\/index.php\/cuisine-en-fer\/\" \/>\n<meta property=\"og:locale\" content=\"fr_FR\" \/>\n<meta property=\"og:type\" content=\"article\" \/>\n<meta property=\"og:title\" content=\"Cuisine Moderne en Fer - Fer en Provence - Cuisine en Fer\" \/>\n<meta property=\"og:description\" content=\"Envie d&#039;une cuisine unique ? Fer en Provence vous propose la r\u00e9alisation de cuisine moderne en fer dans un large choix de couleurs !\" \/>\n<meta property=\"og:url\" content=\"https:\/\/ferenprovence.com\/index.php\/cuisine-en-fer\/\" \/>\n<meta property=\"og:site_name\" content=\"Fer en Provence\" \/>\n<meta property=\"article:publisher\" content=\"https:\/\/www.facebook.com\/ferenprovence\" \/>\n<meta property=\"article:modified_time\" content=\"2025-09-02T21:27:11+00:00\" \/>\n<meta property=\"og:image\" content=\"https:\/\/ferenprovence.com\/wp-content\/uploads\/2024\/06\/cuisine-en-fer-par-fer-en-provence-acier-metal-859x1024.png\" \/>\n<meta name=\"twitter:card\" content=\"summary_large_image\" \/>\n<meta name=\"twitter:label1\" content=\"Dur\u00e9e de lecture estim\u00e9e\" \/>\n\t<meta name=\"twitter:data1\" content=\"2 minutes\" \/>\n<script type=\"application\/ld+json\" class=\"yoast-schema-graph\">{\"@context\":\"https:\/\/schema.org\",\"@graph\":[{\"@type\":\"Organization\",\"@id\":\"https:\/\/ferenprovence.com\/#organization\",\"name\":\"Fer en Provence\",\"url\":\"https:\/\/ferenprovence.com\/\",\"sameAs\":[\"https:\/\/www.instagram.com\/ferenprovence\",\"https:\/\/www.pinterest.fr\/ferenprovence\",\"https:\/\/www.facebook.com\/ferenprovence\"],\"logo\":{\"@type\":\"ImageObject\",\"inLanguage\":\"fr-FR\",\"@id\":\"https:\/\/ferenprovence.com\/#\/schema\/logo\/image\/\",\"url\":\"https:\/\/ferenprovence.com\/wp-content\/uploads\/2021\/11\/cropped-Sans-titre.jpg\",\"contentUrl\":\"https:\/\/ferenprovence.com\/wp-content\/uploads\/2021\/11\/cropped-Sans-titre.jpg\",\"width\":250,\"height\":250,\"caption\":\"Fer en Provence\"},\"image\":{\"@id\":\"https:\/\/ferenprovence.com\/#\/schema\/logo\/image\/\"}},{\"@type\":\"WebSite\",\"@id\":\"https:\/\/ferenprovence.com\/#website\",\"url\":\"https:\/\/ferenprovence.com\/\",\"name\":\"Fer en Provence\",\"description\":\"Ferronnerie d&#039;art au coeur du Luberon\",\"publisher\":{\"@id\":\"https:\/\/ferenprovence.com\/#organization\"},\"potentialAction\":[{\"@type\":\"SearchAction\",\"target\":{\"@type\":\"EntryPoint\",\"urlTemplate\":\"https:\/\/ferenprovence.com\/?s={search_term_string}\"},\"query-input\":\"required name=search_term_string\"}],\"inLanguage\":\"fr-FR\"},{\"@type\":\"WebPage\",\"@id\":\"https:\/\/ferenprovence.com\/index.php\/cuisine-en-fer\/\",\"url\":\"https:\/\/ferenprovence.com\/index.php\/cuisine-en-fer\/\",\"name\":\"Cuisine Moderne en Fer - Fer en Provence - Cuisine en Fer\",\"isPartOf\":{\"@id\":\"https:\/\/ferenprovence.com\/#website\"},\"datePublished\":\"2021-11-05T16:16:53+00:00\",\"dateModified\":\"2025-09-02T21:27:11+00:00\",\"description\":\"Envie d'une cuisine unique ? Fer en Provence vous propose la r\u00e9alisation de cuisine moderne en fer dans un large choix de couleurs !\",\"breadcrumb\":{\"@id\":\"https:\/\/ferenprovence.com\/index.php\/cuisine-en-fer\/#breadcrumb\"},\"inLanguage\":\"fr-FR\",\"potentialAction\":[{\"@type\":\"ReadAction\",\"target\":[\"https:\/\/ferenprovence.com\/index.php\/cuisine-en-fer\/\"]}]},{\"@type\":\"BreadcrumbList\",\"@id\":\"https:\/\/ferenprovence.com\/index.php\/cuisine-en-fer\/#breadcrumb\",\"itemListElement\":[{\"@type\":\"ListItem\",\"position\":1,\"name\":\"Accueil\",\"item\":\"https:\/\/ferenprovence.com\/\"},{\"@type\":\"ListItem\",\"position\":2,\"name\":\"Cuisine Moderne en Fer\"}]}]}<\/script>\n<!-- \/ Yoast SEO plugin. -->","yoast_head_json":{"title":"Cuisine Moderne en Fer - Fer en Provence - Cuisine en Fer","description":"Envie d'une cuisine unique ? Fer en Provence vous propose la r\u00e9alisation de cuisine moderne en fer dans un large choix de couleurs !","robots":{"index":"index","follow":"follow","max-snippet":"max-snippet:-1","max-image-preview":"max-image-preview:large","max-video-preview":"max-video-preview:-1"},"canonical":"https:\/\/ferenprovence.com\/index.php\/cuisine-en-fer\/","og_locale":"fr_FR","og_type":"article","og_title":"Cuisine Moderne en Fer - Fer en Provence - Cuisine en Fer","og_description":"Envie d'une cuisine unique ? Fer en Provence vous propose la r\u00e9alisation de cuisine moderne en fer dans un large choix de couleurs !","og_url":"https:\/\/ferenprovence.com\/index.php\/cuisine-en-fer\/","og_site_name":"Fer en Provence","article_publisher":"https:\/\/www.facebook.com\/ferenprovence","article_modified_time":"2025-09-02T21:27:11+00:00","og_image":[{"url":"https:\/\/ferenprovence.com\/wp-content\/uploads\/2024\/06\/cuisine-en-fer-par-fer-en-provence-acier-metal-859x1024.png"}],"twitter_card":"summary_large_image","twitter_misc":{"Dur\u00e9e de lecture estim\u00e9e":"2 minutes"},"schema":{"@context":"https:\/\/schema.org","@graph":[{"@type":"Organization","@id":"https:\/\/ferenprovence.com\/#organization","name":"Fer en Provence","url":"https:\/\/ferenprovence.com\/","sameAs":["https:\/\/www.instagram.com\/ferenprovence","https:\/\/www.pinterest.fr\/ferenprovence","https:\/\/www.facebook.com\/ferenprovence"],"logo":{"@type":"ImageObject","inLanguage":"fr-FR","@id":"https:\/\/ferenprovence.com\/#\/schema\/logo\/image\/","url":"https:\/\/ferenprovence.com\/wp-content\/uploads\/2021\/11\/cropped-Sans-titre.jpg","contentUrl":"https:\/\/ferenprovence.com\/wp-content\/uploads\/2021\/11\/cropped-Sans-titre.jpg","width":250,"height":250,"caption":"Fer en Provence"},"image":{"@id":"https:\/\/ferenprovence.com\/#\/schema\/logo\/image\/"}},{"@type":"WebSite","@id":"https:\/\/ferenprovence.com\/#website","url":"https:\/\/ferenprovence.com\/","name":"Fer en Provence","description":"Ferronnerie d&#039;art au coeur du Luberon","publisher":{"@id":"https:\/\/ferenprovence.com\/#organization"},"potentialAction":[{"@type":"SearchAction","target":{"@type":"EntryPoint","urlTemplate":"https:\/\/ferenprovence.com\/?s={search_term_string}"},"query-input":"required name=search_term_string"}],"inLanguage":"fr-FR"},{"@type":"WebPage","@id":"https:\/\/ferenprovence.com\/index.php\/cuisine-en-fer\/","url":"https:\/\/ferenprovence.com\/index.php\/cuisine-en-fer\/","name":"Cuisine Moderne en Fer - Fer en Provence - Cuisine en Fer","isPartOf":{"@id":"https:\/\/ferenprovence.com\/#website"},"datePublished":"2021-11-05T16:16:53+00:00","dateModified":"2025-09-02T21:27:11+00:00","description":"Envie d'une cuisine unique ? Fer en Provence vous propose la r\u00e9alisation de cuisine moderne en fer dans un large choix de couleurs !","breadcrumb":{"@id":"https:\/\/ferenprovence.com\/index.php\/cuisine-en-fer\/#breadcrumb"},"inLanguage":"fr-FR","potentialAction":[{"@type":"ReadAction","target":["https:\/\/ferenprovence.com\/index.php\/cuisine-en-fer\/"]}]},{"@type":"BreadcrumbList","@id":"https:\/\/ferenprovence.com\/index.php\/cuisine-en-fer\/#breadcrumb","itemListElement":[{"@type":"ListItem","position":1,"name":"Accueil","item":"https:\/\/ferenprovence.com\/"},{"@type":"ListItem","position":2,"name":"Cuisine Moderne en Fer"}]}]}},"_links":{"self":[{"href":"https:\/\/ferenprovence.com\/index.php\/wp-json\/wp\/v2\/pages\/202"}],"collection":[{"href":"https:\/\/ferenprovence.com\/index.php\/wp-json\/wp\/v2\/pages"}],"about":[{"href":"https:\/\/ferenprovence.com\/index.php\/wp-json\/wp\/v2\/types\/page"}],"author":[{"embeddable":true,"href":"https:\/\/ferenprovence.com\/index.php\/wp-json\/wp\/v2\/users\/1"}],"replies":[{"embeddable":true,"href":"https:\/\/ferenprovence.com\/index.php\/wp-json\/wp\/v2\/comments?post=202"}],"version-history":[{"count":59,"href":"https:\/\/ferenprovence.com\/index.php\/wp-json\/wp\/v2\/pages\/202\/revisions"}],"predecessor-version":[{"id":2243,"href":"https:\/\/ferenprovence.com\/index.php\/wp-json\/wp\/v2\/pages\/202\/revisions\/2243"}],"wp:attachment":[{"href":"https:\/\/ferenprovence.com\/index.php\/wp-json\/wp\/v2\/media?parent=202"}],"curies":[{"name":"wp","href":"https:\/\/api.w.org\/{rel}","templated":true}]}}