{"id":708,"date":"2021-11-09T22:40:00","date_gmt":"2021-11-09T21:40:00","guid":{"rendered":"https:\/\/ferenprovence.com\/?page_id=708"},"modified":"2023-05-22T10:16:10","modified_gmt":"2023-05-22T08:16:10","slug":"plan-du-site","status":"publish","type":"page","link":"https:\/\/ferenprovence.com\/index.php\/plan-du-site\/","title":{"rendered":"Plan du Site"},"content":{"rendered":"\n<p>D\u00e9couvrez le plan du site de Fer en Provence<\/p>\n\n\n\n<h2>La beaut\u00e9 intemporelle du Fer<\/h2>\n\n\n\n<h3><a href=\"https:\/\/ferenprovence.com\/index.php\/portail-et-portillon-en-fer\/\">Portails &amp; Portillons<\/a><\/h3>\n\n\n\n<h3><a href=\"https:\/\/ferenprovence.com\/index.php\/tonnelles-pergolas-fer-forge\/\">Tonnelles &amp; Pergolas<\/a><\/h3>\n\n\n\n<h3><a href=\"https:\/\/ferenprovence.com\/index.php\/portes-fenetres-fer-forge\/\" target=\"_blank\" rel=\"noreferrer noopener\">Portes &amp; Fen\u00eatres <\/a><\/h3>\n\n\n\n<h3><a href=\"https:\/\/ferenprovence.com\/index.php\/mobilier-intemporel-en-fer-forge\/\" target=\"_blank\" rel=\"noreferrer noopener\">Mobiliers intemporels<\/a><\/h3>\n\n\n\n<h3><a href=\"https:\/\/ferenprovence.com\/index.php\/garde-corps-grilles-clotures-fer-forge\/\" target=\"_blank\" rel=\"noreferrer noopener\">Gardes-corps &amp; cl\u00f4tures<\/a><\/h3>\n\n\n\n<h3><a href=\"https:\/\/ferenprovence.com\/index.php\/rampes-escaliers-fer-forge\/\" target=\"_blank\" rel=\"noreferrer noopener\">Rampe &amp; Escaliers<\/a><\/h3>\n\n\n\n<h3><a href=\"https:\/\/ferenprovence.com\/index.php\/tringle-a-rideaux-en-fer-forge-sur-mesure\/\" target=\"_blank\" rel=\"noreferrer noopener\">Tringle \u00e0 rideaux <\/a><\/h3>\n\n\n\n<h3><a href=\"https:\/\/ferenprovence.com\/index.php\/salle-de-bain\/\" target=\"_blank\" rel=\"noreferrer noopener\">Salle de bain<\/a><\/h3>\n\n\n\n<h3><a href=\"https:\/\/ferenprovence.com\/index.php\/cuisine-en-fer\/\" target=\"_blank\" rel=\"noreferrer noopener\">Cuisine moderne en Fer<\/a><\/h3>\n\n\n\n<h3><a href=\"https:\/\/ferenprovence.com\/index.php\/rose-eternelle\/\" target=\"_blank\" rel=\"noreferrer noopener\">Rose \u00e9ternelle<\/a><\/h3>\n\n\n\n<h3><a href=\"https:\/\/ferenprovence.com\/index.php\/sapin-de-noel-en-fer\/\" target=\"_blank\" rel=\"noreferrer noopener\">No\u00ebl<\/a><\/h3>\n\n\n\n<h3><a href=\"https:\/\/ferenprovence.com\/index.php\/finitions-ferronnerie-provence\/\" target=\"_blank\" rel=\"noreferrer noopener\">Choisissez votre finition<\/a><\/h3>\n\n\n\n<h3><a href=\"https:\/\/ferenprovence.com\/index.php\/contact\/\" target=\"_blank\" rel=\"noreferrer noopener\">Contact<\/a><\/h3>\n\n\n\n<h3><a href=\"https:\/\/ferenprovence.com\/index.php\/ferronnier-en-provence\/\" target=\"_blank\" rel=\"noreferrer noopener\">A propos<\/a><\/h3>\n\n\n\n<h4><a href=\"https:\/\/www.instagram.com\/ferenprovence\/\" target=\"_blank\" rel=\"noreferrer noopener\">Suivez-nous sur Instagram<\/a><\/h4>\n\n\n\n<h4><a href=\"https:\/\/www.facebook.com\/ferenprovence\" target=\"_blank\" rel=\"noreferrer noopener\">Suivez nous sur Facebook<\/a><\/h4>\n\n\n\n<h4><a href=\"https:\/\/www.etsy.com\/fr\/shop\/FerEnProvence\" target=\"_blank\" rel=\"noreferrer noopener\">Acheter nos ferronneries sur Etsy<\/a><\/h4>\n\n\n\n<div class=\"wp-block-image\"><figure class=\"alignright size-large is-resized\"><a href=\"https:\/\/www.ferenprovence.com\"><img loading=\"lazy\" src=\"https:\/\/ferenprovence.com\/wp-content\/uploads\/2021\/11\/fer-en-provence-13-1024x1024.jpg\" alt=\"retour a l'accueil\" class=\"wp-image-666\" width=\"267\" height=\"267\" srcset=\"https:\/\/ferenprovence.com\/wp-content\/uploads\/2021\/11\/fer-en-provence-13-1024x1024.jpg 1024w, https:\/\/ferenprovence.com\/wp-content\/uploads\/2021\/11\/fer-en-provence-13-300x300.jpg 300w, https:\/\/ferenprovence.com\/wp-content\/uploads\/2021\/11\/fer-en-provence-13-150x150.jpg 150w, https:\/\/ferenprovence.com\/wp-content\/uploads\/2021\/11\/fer-en-provence-13-768x768.jpg 768w, https:\/\/ferenprovence.com\/wp-content\/uploads\/2021\/11\/fer-en-provence-13.jpg 1080w\" sizes=\"(max-width: 267px) 100vw, 267px\" \/><\/a><\/figure><\/div>\n","protected":false},"excerpt":{"rendered":"<p>D\u00e9couvrez le plan du site de Fer en Provence La beaut\u00e9 intemporelle du Fer Portails &amp; Portillons Tonnelles &amp; Pergolas Portes &amp; Fen\u00eatres Mobiliers intemporels Gardes-corps &amp; cl\u00f4tures Rampe &amp; Escaliers Tringle \u00e0 rideaux Salle de bain Cuisine moderne en Fer Rose \u00e9ternelle No\u00ebl Choisissez votre finition Contact A propos Suivez-nous sur Instagram Suivez nous &hellip; <\/p>\n<p class=\"link-more\"><a href=\"https:\/\/ferenprovence.com\/index.php\/plan-du-site\/\" class=\"more-link\">Continuer la lecture <span class=\"screen-reader-text\"> \u00ab\u00a0Plan du Site\u00a0\u00bb<\/span><\/a><\/p>\n","protected":false},"author":1,"featured_media":0,"parent":0,"menu_order":0,"comment_status":"closed","ping_status":"closed","template":"","meta":[],"yoast_head":"<!-- This site is optimized with the Yoast SEO plugin v19.4 - https:\/\/yoast.com\/wordpress\/plugins\/seo\/ -->\n<title>Plan du Site - Fer en Provence<\/title>\n<meta name=\"description\" content=\"Plan de site Fer en Provence - votre ferronnerie en Provence - Demander votre devis gratuit en ligne. Nous r\u00e9alisons tous vos projets.\" \/>\n<meta name=\"robots\" content=\"index, follow, max-snippet:-1, max-image-preview:large, max-video-preview:-1\" \/>\n<link rel=\"canonical\" href=\"https:\/\/ferenprovence.com\/index.php\/plan-du-site\/\" \/>\n<meta property=\"og:locale\" content=\"fr_FR\" \/>\n<meta property=\"og:type\" content=\"article\" \/>\n<meta property=\"og:title\" content=\"Plan du Site - Fer en Provence\" \/>\n<meta property=\"og:description\" content=\"Plan de site Fer en Provence - votre ferronnerie en Provence - Demander votre devis gratuit en ligne. Nous r\u00e9alisons tous vos projets.\" \/>\n<meta property=\"og:url\" content=\"https:\/\/ferenprovence.com\/index.php\/plan-du-site\/\" \/>\n<meta property=\"og:site_name\" content=\"Fer en Provence\" \/>\n<meta property=\"article:publisher\" content=\"https:\/\/www.facebook.com\/ferenprovence\" \/>\n<meta property=\"article:modified_time\" content=\"2023-05-22T08:16:10+00:00\" \/>\n<meta property=\"og:image\" content=\"https:\/\/ferenprovence.com\/wp-content\/uploads\/2021\/11\/fer-en-provence-13-1024x1024.jpg\" \/>\n<meta name=\"twitter:card\" content=\"summary_large_image\" \/>\n<script type=\"application\/ld+json\" class=\"yoast-schema-graph\">{\"@context\":\"https:\/\/schema.org\",\"@graph\":[{\"@type\":\"Organization\",\"@id\":\"https:\/\/ferenprovence.com\/#organization\",\"name\":\"Fer en Provence\",\"url\":\"https:\/\/ferenprovence.com\/\",\"sameAs\":[\"https:\/\/www.instagram.com\/ferenprovence\",\"https:\/\/www.pinterest.fr\/ferenprovence\",\"https:\/\/www.facebook.com\/ferenprovence\"],\"logo\":{\"@type\":\"ImageObject\",\"inLanguage\":\"fr-FR\",\"@id\":\"https:\/\/ferenprovence.com\/#\/schema\/logo\/image\/\",\"url\":\"https:\/\/ferenprovence.com\/wp-content\/uploads\/2021\/11\/cropped-Sans-titre.jpg\",\"contentUrl\":\"https:\/\/ferenprovence.com\/wp-content\/uploads\/2021\/11\/cropped-Sans-titre.jpg\",\"width\":250,\"height\":250,\"caption\":\"Fer en Provence\"},\"image\":{\"@id\":\"https:\/\/ferenprovence.com\/#\/schema\/logo\/image\/\"}},{\"@type\":\"WebSite\",\"@id\":\"https:\/\/ferenprovence.com\/#website\",\"url\":\"https:\/\/ferenprovence.com\/\",\"name\":\"Fer en Provence\",\"description\":\"Ferronnerie d&#039;art au coeur du Luberon\",\"publisher\":{\"@id\":\"https:\/\/ferenprovence.com\/#organization\"},\"potentialAction\":[{\"@type\":\"SearchAction\",\"target\":{\"@type\":\"EntryPoint\",\"urlTemplate\":\"https:\/\/ferenprovence.com\/?s={search_term_string}\"},\"query-input\":\"required name=search_term_string\"}],\"inLanguage\":\"fr-FR\"},{\"@type\":\"WebPage\",\"@id\":\"https:\/\/ferenprovence.com\/index.php\/plan-du-site\/\",\"url\":\"https:\/\/ferenprovence.com\/index.php\/plan-du-site\/\",\"name\":\"Plan du Site - Fer en Provence\",\"isPartOf\":{\"@id\":\"https:\/\/ferenprovence.com\/#website\"},\"datePublished\":\"2021-11-09T21:40:00+00:00\",\"dateModified\":\"2023-05-22T08:16:10+00:00\",\"description\":\"Plan de site Fer en Provence - votre ferronnerie en Provence - Demander votre devis gratuit en ligne. Nous r\u00e9alisons tous vos projets.\",\"breadcrumb\":{\"@id\":\"https:\/\/ferenprovence.com\/index.php\/plan-du-site\/#breadcrumb\"},\"inLanguage\":\"fr-FR\",\"potentialAction\":[{\"@type\":\"ReadAction\",\"target\":[\"https:\/\/ferenprovence.com\/index.php\/plan-du-site\/\"]}]},{\"@type\":\"BreadcrumbList\",\"@id\":\"https:\/\/ferenprovence.com\/index.php\/plan-du-site\/#breadcrumb\",\"itemListElement\":[{\"@type\":\"ListItem\",\"position\":1,\"name\":\"Accueil\",\"item\":\"https:\/\/ferenprovence.com\/\"},{\"@type\":\"ListItem\",\"position\":2,\"name\":\"Plan du Site\"}]}]}<\/script>\n<!-- \/ Yoast SEO plugin. -->","yoast_head_json":{"title":"Plan du Site - Fer en Provence","description":"Plan de site Fer en Provence - votre ferronnerie en Provence - Demander votre devis gratuit en ligne. Nous r\u00e9alisons tous vos projets.","robots":{"index":"index","follow":"follow","max-snippet":"max-snippet:-1","max-image-preview":"max-image-preview:large","max-video-preview":"max-video-preview:-1"},"canonical":"https:\/\/ferenprovence.com\/index.php\/plan-du-site\/","og_locale":"fr_FR","og_type":"article","og_title":"Plan du Site - Fer en Provence","og_description":"Plan de site Fer en Provence - votre ferronnerie en Provence - Demander votre devis gratuit en ligne. Nous r\u00e9alisons tous vos projets.","og_url":"https:\/\/ferenprovence.com\/index.php\/plan-du-site\/","og_site_name":"Fer en Provence","article_publisher":"https:\/\/www.facebook.com\/ferenprovence","article_modified_time":"2023-05-22T08:16:10+00:00","og_image":[{"url":"https:\/\/ferenprovence.com\/wp-content\/uploads\/2021\/11\/fer-en-provence-13-1024x1024.jpg"}],"twitter_card":"summary_large_image","schema":{"@context":"https:\/\/schema.org","@graph":[{"@type":"Organization","@id":"https:\/\/ferenprovence.com\/#organization","name":"Fer en Provence","url":"https:\/\/ferenprovence.com\/","sameAs":["https:\/\/www.instagram.com\/ferenprovence","https:\/\/www.pinterest.fr\/ferenprovence","https:\/\/www.facebook.com\/ferenprovence"],"logo":{"@type":"ImageObject","inLanguage":"fr-FR","@id":"https:\/\/ferenprovence.com\/#\/schema\/logo\/image\/","url":"https:\/\/ferenprovence.com\/wp-content\/uploads\/2021\/11\/cropped-Sans-titre.jpg","contentUrl":"https:\/\/ferenprovence.com\/wp-content\/uploads\/2021\/11\/cropped-Sans-titre.jpg","width":250,"height":250,"caption":"Fer en Provence"},"image":{"@id":"https:\/\/ferenprovence.com\/#\/schema\/logo\/image\/"}},{"@type":"WebSite","@id":"https:\/\/ferenprovence.com\/#website","url":"https:\/\/ferenprovence.com\/","name":"Fer en Provence","description":"Ferronnerie d&#039;art au coeur du Luberon","publisher":{"@id":"https:\/\/ferenprovence.com\/#organization"},"potentialAction":[{"@type":"SearchAction","target":{"@type":"EntryPoint","urlTemplate":"https:\/\/ferenprovence.com\/?s={search_term_string}"},"query-input":"required name=search_term_string"}],"inLanguage":"fr-FR"},{"@type":"WebPage","@id":"https:\/\/ferenprovence.com\/index.php\/plan-du-site\/","url":"https:\/\/ferenprovence.com\/index.php\/plan-du-site\/","name":"Plan du Site - Fer en Provence","isPartOf":{"@id":"https:\/\/ferenprovence.com\/#website"},"datePublished":"2021-11-09T21:40:00+00:00","dateModified":"2023-05-22T08:16:10+00:00","description":"Plan de site Fer en Provence - votre ferronnerie en Provence - Demander votre devis gratuit en ligne. Nous r\u00e9alisons tous vos projets.","breadcrumb":{"@id":"https:\/\/ferenprovence.com\/index.php\/plan-du-site\/#breadcrumb"},"inLanguage":"fr-FR","potentialAction":[{"@type":"ReadAction","target":["https:\/\/ferenprovence.com\/index.php\/plan-du-site\/"]}]},{"@type":"BreadcrumbList","@id":"https:\/\/ferenprovence.com\/index.php\/plan-du-site\/#breadcrumb","itemListElement":[{"@type":"ListItem","position":1,"name":"Accueil","item":"https:\/\/ferenprovence.com\/"},{"@type":"ListItem","position":2,"name":"Plan du Site"}]}]}},"_links":{"self":[{"href":"https:\/\/ferenprovence.com\/index.php\/wp-json\/wp\/v2\/pages\/708"}],"collection":[{"href":"https:\/\/ferenprovence.com\/index.php\/wp-json\/wp\/v2\/pages"}],"about":[{"href":"https:\/\/ferenprovence.com\/index.php\/wp-json\/wp\/v2\/types\/page"}],"author":[{"embeddable":true,"href":"https:\/\/ferenprovence.com\/index.php\/wp-json\/wp\/v2\/users\/1"}],"replies":[{"embeddable":true,"href":"https:\/\/ferenprovence.com\/index.php\/wp-json\/wp\/v2\/comments?post=708"}],"version-history":[{"count":7,"href":"https:\/\/ferenprovence.com\/index.php\/wp-json\/wp\/v2\/pages\/708\/revisions"}],"predecessor-version":[{"id":1488,"href":"https:\/\/ferenprovence.com\/index.php\/wp-json\/wp\/v2\/pages\/708\/revisions\/1488"}],"wp:attachment":[{"href":"https:\/\/ferenprovence.com\/index.php\/wp-json\/wp\/v2\/media?parent=708"}],"curies":[{"name":"wp","href":"https:\/\/api.w.org\/{rel}","templated":true}]}}